 390 and h.
30
Let q be 129 + 2/(-4)*(-2 + 24 + -12). What is the greatest common divisor of q and 36?
4
Suppose -k = -87 - 129. What is the highest common divisor of 96 and k?
24
Suppose -2*a = 4*b - 116, -b = 3*a - 6*b - 119. Let t = -21723 - -21795. What is the highest common divisor of a and t?
24
Let k(d) = -d + 29. Let u be -15 + (0/6 - 3). Let t be k(u). What is the greatest common factor of t and 282?
47
Suppose -4*f - 2*h = -2712, 3*h + 1348 = 2*f + 6*h. Suppose -4*u - 4*u + f = 0. Calculate the highest common factor of u and 17.
17
Let f be 0 + 108 + (15 - 20). Let d = f + -84. Let t = 48 - d. What is the highest common factor of 29 and t?
29
Suppose 6*v - 5*p = v - 75, -5*v = 4*p + 30. Let i be v/65 - (-981)/39. Calculate the greatest common factor of i and 225.
25
Let w(u) = 2*u**3 + 38*u**2 - 249*u - 94. Let g be w(-24). Calculate the greatest common divisor of g and 25681.
61
Let y(z) = -6*z**2 + 130*z - 626. Let f be y(13). What is the greatest common factor of 28 and f?
2
Let c be (2*4/12)/(39/1053). What is the greatest common factor of 3042 and c?
18
Suppose -3*b + x - 524 = 0, 0*b + b + 179 = -4*x. Let g = 443 - b. What is the highest common divisor of g and 6?
6
Suppose -32*c + 28*c = k - 863, 197 = c + 4*k. What is the highest common factor of 3379 and c?
31
Let o = 24 - 4. Let d be 2/(-5) - 4392/(-180). Suppose 3*n - 115 = -5*z, d*z + 95 = 29*z - n. Calculate the greatest common factor of o and z.
20
Let p be 1739255/1550 + (-1)/10. What is the highest common factor of p and 3468?
102
Suppose 2*d = -366*f + 362*f + 10712, -2*d - f + 10715 = 0. What is the highest common divisor of d and 47?
47
Suppose 0 = 914*g - 907*g - 10332. Calculate the highest common divisor of g and 36.
36
Let p be ((-1)/1)/(2/(-198)). Let s = 141628 - 141617. What is the greatest common factor of p and s?
11
Suppose 5082 = 71*p - 49*p. Let n be (-18)/((p/602)/(-11)). What is the highest common factor of 12 and n?
12
Let b = -3809 - -16640. What is the highest common factor of b and 273?
273
Let s = 7705 + -7697. Let k(v) = v**3 - 3*v - 2*v**3 - 3*v + 10*v**2. Let c be k(s). Calculate the highest common factor of c and 10.
10
Let m = -201 - -472. Let s = -159 + m. Suppose 0 = 2*f - 442 + s. What is the greatest common factor of 15 and f?
15
Let j(s) = 8*s + 12. Let x be (1/(-2))/(8/32). Let i be j(x). Let t be -12*(2 - ((-6)/i + 1)). What is the highest common divisor of 30 and t?
6
Let a = 52 - -19. Suppose 5*k - 117 = 3*n, -9*k + n + a = -6*k. Calculate the highest common divisor of k and 12.
12
Let f be 10/(-15) + 9411/9. What is the greatest common divisor of 760 and f?
95
Let q be 28872/16 + 8/(-16). What is the highest common factor of 66 and q?
22
Suppose -5*f - 4*b = -8898, -103*f + 108*f - 4*b = 8922. Calculate the greatest common divisor of 110 and f.
22
Let r = -10547 + 10691. What is the greatest common factor of 816 and r?
48
Let z(n) = 402*n - 5218. Let l be z(13). Calculate the greatest common factor of 5224 and l.
8
Suppose 5*z - 5*w - 689 = -1954, 753 = -3*z - 3*w. Let t = z - -405. Suppose 6*s - 9*s + t = 0. What is the highest common factor of s and 17?
17
Let h be -7 + (1*8 - 3568/(-16)). What is the greatest common factor of 21 and h?
7
Suppose 15*v - 12*v - 15 = 0. Suppose 0*x = v*x + 2*x. Suppose -2*a + 4*q - 6 = 0, q + x = 4*a - 16. Calculate the greatest common factor of a and 5.
5
Suppose 21*u = 20*u. Suppose u = -11*d - 10 - 1. Let t be (1 - 53)/(-4)*(-9)/d. Calculate the greatest common divisor of 78 and t.
39
Suppose -4*l = 3*a - 2504, -7*a + 4*a + 1875 = 3*l. Let i = -11 + 85. What is the greatest common factor of i and l?
37
Let y = -9 + 19. Suppose s - 12*s + 4400 = 0. Suppose 0 = 9*p - 4*p - s. What is the greatest common factor of y and p?
10
Suppose 0 = 102*r - 54*r - 50*r + 36. Calculate the highest common factor of 198 and r.
18
Suppose 4 = -f + 6. Let m(d) = -d**2 + 21*d + 22. Let z be m(0). Calculate the greatest common divisor of z and f.
2
Suppose -14*z + 19*z - 1248 = -3*z. Calculate the greatest common divisor of 1144 and z.
52
Let d(v) = 3*v**3 - 4*v**2 - 5*v + 6. Let z be (-6)/3 + (-4 + 1 - -11). Suppose -3*q + z = -q. Let p be d(q). Calculate the highest common divisor of p and 54.
18
Suppose 0 = -3*i + 34 + 101. Let z be (i/(-50)*-4)/((-15)/(-50)). Calculate the greatest common factor of 20 and z.
4
Let s be (14/7)/(-1 - 1) + 134. Calculate the greatest common factor of s and 95.
19
Let l(w) = -2*w**2 - 19*w - 1. Let j be l(-10). Let u(f) = 3*f**2 + 2*f + 89. Let h be u(j). Calculate the highest common factor of 10 and h.
10
Let g = 205 + -25. Let h = 519 - -111. What is the greatest common divisor of h and g?
90
Suppose 9 = 5*z + 4*u, -2 = 2*z - 0*u + 3*u. Suppose 2*x + z*l + 65 = 6*x, x - 2*l = 14. Let b = 3 + 7. What is the highest common divisor of b and x?
10
Let i be (13/(-4))/(22*37/(-9768)). Suppose 3*t - 26 = 13. Calculate the greatest common divisor of t and i.
13
Let f = -313 - 6. Let q = 202 + f. Let k = q - -189. Calculate the greatest common factor of 9 and k.
9
Suppose 3*p + 2*p + 2*o = -197, 36 = -p + 3*o. Let s be (-4)/(-6) - 52/p. Suppose 572 = s*x - x. Calculate the greatest common divisor of x and 52.
52
Let t = -1558 - -1720. Suppose z - 5*z - 72 = 0. Let j be (-1 + 2)*z/(-1). Calculate the greatest common factor of j and t.
18
Let k be 62789/74 + 3/2. Let w = k - 633. Calculate the greatest common divisor of w and 62.
31
Let j(l) = -l**3 + 428*l**2 - 2960*l + 5498. Let g be j(421). Let n = 46 + -76. Let u = 55 + n. Calculate the highest common divisor of g and u.
25
Suppose -w + 272 = -5*n, 0 = -5*w + 3*w + 3*n + 579. What is the highest common divisor of 33 and w?
33
Let z = 91 - 94. Let y be (0 - -12)*((-11)/(-3) + z). Suppose 2*v = -y*v + 280. What is the greatest common divisor of v and 84?
28
Let y = 2041 + -1773. What is the highest common divisor of 8375 and y?
67
Let b = -155 + 158. Suppose -3*t - 1095 = -b*k - k, -5*k + 1368 = -3*t. What is the greatest common factor of 21 and k?
21
Suppose 0 = -3*o - 0*o + 6, 3*c = 2*o - 112. Let q be (-755)/(-45) + ((-116)/c - 3). What is the greatest common divisor of q and 119?
17
Let b be (-3)/(-1) + -2 + 387. Suppose l - 415 = -b. What is the greatest common factor of l and 279?
9
Suppose 2*k = -0*k - 100. Let p = k + 30. Let l = p + 23. What is the highest common divisor of 3 and l?
3
Let j be (1 + 15)/(23900/(-1140) + 21). What is the greatest common factor of 480 and j?
24
Let i(r) = 97*r + 168. Let g be i(8). Calculate the highest common factor of 1711 and g.
59
Let f = -5887 - -6049. Calculate the greatest common divisor of 639 and f.
9
Let w be 3/(126/41 - 3). Let b(x) = 9*x**2 + 2. Let j be b(-1). Let t be (-28399)/(-77) - -1*2/j. Calculate the greatest common divisor of w and t.
41
Suppose 0 = 88*n - 2*n - 19608. Let u = -91 - -103. What is the greatest common factor of n and u?
12
Let a(d) = 52*d**2 - 3 - 4 - 50*d**2. Let b be a(-4). What is the greatest common factor of 200 and b?
25
Let u = 27 + -22. Let c be 1119/21 + 2/14*-2. Suppose -3*h - 168 = -3*l, 5*h = -l + 3*h + c. Calculate the highest common factor of l and u.
5
Suppose 3*g - 50 = -194. Let i be ((-3)/(-4))/((-12)/g). Suppose -4*x = -2*x + 5*j - 39, 0 = -i*x - j + 39. What is the highest common factor of 84 and x?
12
Let g(f) = 4*f - 2*f**2 - 10 + 7*f - 31*f. Let n be g(-7). What is the highest common divisor of 16 and n?
16
Let b be -4*111/(-8)*(-10)/(-3). Suppose 3*z - b + 44 = 5*o, 0 = 5*z + 15. Let s = 0 - o. Calculate the greatest common divisor of 75 and s.
15
Let d(s) = -24*s - s**2 - 18*s + 14 - 12*s + 65*s. Let k(r) = r**2 + 9*r + 11. Let z be k(-9). Let y be d(z). Calculate the greatest common factor of 98 and y.
14
Suppose 5*m - 188 = 152. Let w be ((-34)/(-12))/(1/12). Calculate the greatest common factor of m and w.
34
Let q = 129 - 88. Calculate the greatest common divisor of 8651 and q.
41
Let n(u) = -35 + u - u + 0*u + 5*u. Let d be n(8). Suppose -4*t + 2*r + 42 = 0, t = 5*r - 10*r + 5. Calculate the highest common divisor of d and t.
5
Let s = -23680 + 23729. What is the highest common factor of s and 12593?
49
Suppose 27*d - 377 - 160 = 273. Suppose 0 = 3*j + z - 720, -3*j - 226 + 946 = -2*z. Calculate the greatest common divisor of d and